16 - 8).
100
What is the value of 73 + -2 - (344 - 204)?
-69
What is the value of 9 + (-2 - 15) - (-8 + -6 + -11 + -10)?
27
-15 + 62 + (-10 - -7) + -14
30
What is (575 + -578 - (4 + 1)) + (1 - -4 - 59)?
-62
Evaluate 7 + -114 + 101 + 53 + 0.
47
Evaluate (-44 - -7) + 2 - (-1 + 6 - (0 - 2)).
-42
What is the value of (-14 - -1) + 22 + (-69 - (17 - 34))?
-43
What is the value of -32 - (3 + (11 - (8 - -5)) - 0)?
-33
-83 - (7 + 2 + -1 - (-73 + 91))
-73
What is the value of -8 + 1 - -9 - -2 - (6 + (-6 - -51))?
-47
What is -8 + (1 - 5) - ((-13 - -19) + -11)?
-7
What is -5 - 25 - 8 - (-18 - (10 + -20))?
-30
Evaluate (3 - 19) + (23 - 52) + 35.
-10
Calculate -1 + -21 + 77 + (-102 - -31).
-16
Evaluate 33 + -3 + (858 - 827).
61
What is 4 - (50 - -56 - 55)?
-47
Calculate 12 + (2 - 2) - (-17 + -71 + 23 + 9).
68
Evaluate 63 + -71 + (-1 - -12).
3
What is -2 + 12 + (-13 - -45) + -14 + -6 + -47?
-25
Calculate 18 - (-4 - 32 - -68) - 65.
-79
7 - (-1 + (-1 - 1)) - (-32 - 7)
49
Calculate -40 + (-89 - (-120 - 123)).
114
What is the value of (106 - (1 - 1)) + 9 + (-12 + 19 - 17)?
105
-34 + 95 + -34 + -19
8
Evaluate 41 + -84 + -40 - -38.
-45
6 + (52 - ((-19 - (-26 + 14)) + (-1 - 5)))
71
Evaluate 36 + -34 + (11 - (-35 + 68)).
-20
What is 11 - 22 - (-15 + 27 + 0 + -30)?
7
Evaluate (-10 + (25 - 14) - -4) + 35 + -97.
-57
Calculate 27 - (-59 - -55) - 4.
27
-6 - (39 - (145 - 66))
34
What is the value of 1 - -3 - (88 + -84 + 45) - -15?
-30
What is the value of -18 - (-50 + 84 - 48)?
-4
What is the value of (-31 - (21 - 35)) + 53 - 28?
8
Evaluate (9 - (-19 + 13)) + 24 - 26 - (-1 - -38).
-24
Calculate (-23 - -11 - (5 + -8 + (2 - -3))) + -38.
-52
Calculate 85 + 18 + (88 - 168).
23
Evaluate -4 + 0 - (-13 + 31) - -12.
-10
What is (5 - (22 + -12 - 1)) + (7 - (-1 + -4))?
8
Evaluate 28 - (9 + (-13 - (-4 + -30))).
-2
What is the value of ((-2 - 12) + 11 - 100 - 2 - -4) + 9?
-92
Evaluate -90 - (32 - (33 + -58 + 73)).
-74
What is -13 + 1 - (-21 + (-115 - (-69 - -22)))?
77
What is the value of (10 - 3) + (-65 + 32 - (-2 - 6))?
-18
What is the value of -6 + -6 - (-89 - (-2 + -2 - 9 - -25))?
89
What is the value of 10 - ((-36 - -22) + 1 + -12)?
35
Calculate 10 - (-13 + (-104 - -52)).
75
What is (17 + -42 - -55) + -7?
23
Evaluate -8 + 58 + -30 + 19.
39
28 + -115 + (6 + (-13 - -9) - -4)
-81
What is the value of (53 + -80 - -21) + -1 + -15?
-22
What is the value of 147 + -218 + (-1 - -20) - -21?
-31
6 - 14 - -5 - (-245 - -251)
-9
What is the value of 56349 + -56351 + 0 + (0 - 47 - -1)?
-48
Evaluate 21 + 13 + 9 - 53 - (1 + (0 - 21)).
10
Calculate (-36 - -31) + (40 - (1 - 1)) - (0 - -8).
27
Calculate -28 + (-13 - -13) + 6 - (33 + -8).
-47
Evaluate -4 + 0 - (4 + 1 - 71) - -10.
72
What is the value of (5 - -5) + -2 + -21 + 14 + 14 + 89?
104
Calculate 8 + -46 + 153 + -4 - 2.
109
(118 - 35) + -19 + -3 + -36
25
What is -61 - (-20 - -5) - -23?
-23
(-116 - -149) + -10 + (2 - 36)
-11
80 - 32 - 54 - -35 - (1 - (-2 + 0))
26
What is (39 - 3) + 27 - 134?
-71
Calculate (-47 - (-125 + 74)) + ((-4 - -2) + 40 - 4).
38
-12 - -1 - (13 - (-1 - -36 - (9 - -12)))
-10
Evaluate -8 + 2 + (-2 - 5) + 21 + -10 - -3.
1
What is 1 + 21 + 1516 + -1546 + 58?
50
What is the value of (36 - (4 + (-1 - -1))) + -10 + 84 + -66?
40
Calculate (-9 - (0 + -26)) + 18 + (-2 - (-4 - 3)).
40
What is (17 - 11) + (-2 - (2 + 2) - 31 - -2)?
-29
Calculate -14 + 8 + 22 + -22 + 2 - 81.
-85
Evaluate (13 - (-23 - -39)) + (8 - 0 - 3).
2
5 - (-2135 - -2139 - (0 - -35))
36
Calculate -8 + -116 + 145 + -50.
-29
Calculate 21 + (51 - 88) + 37.
21
Evaluate -21 + (-43 - (-64 - 60)).
60
What is 1 + -3 - ((76 - 53 - 30) + (1 - -33))?
-29
What is -27 + 84 - 11 - 26 - 16 - (-52 + 1)?
55
What is 14 + -139 + 18 + (-19 - -18 - -8)?
-100
What is the value of 24 + ((4 - 31 - -13) + -6 + 11 - -10)?
25
What is the value of 0 - 33 - ((70 - 88) + 11)?
-26
What is the value of 43 - -47 - 87 - (-67 + 0)?
70
137 + 2 + (-1768 - -1672)
43
(0 - -71) + -1728 + 1713 + -1 + 3
58
What is the value of (26 - (47 + -15 + 32)) + -11 + (-2 - -2)?
-49
Evaluate -101 + (15 - -61) + -11.
-36
-101 + (-12 - -4 - -22) + -10 - (6 - 5)
-98
What is the value of 47 + (-9 - -13) + 5 + -8 + -5 + 8?
51
Calculate -19 - (51 - ((-17 - (-2 - 12)) + 10)).
-63
What is the value of 0 + 0 - (-9 - (-74 - (19 - 10 - -10)))?
-84
Evaluate -5 + 13 + (6 + -10 - -33 - 12) + 10.
35
Evaluate 609 + -521 + 3 + (-9 - -5).
87
-9 - -1 - (106 + -97 + 109 + -3 + -12)
-111
-1 - 6 - (-130 + 146 + -25)
2
((0 - -19) + 2 + -7 - (-13 + 22)) + -10
-5
Evaluate 1 - (-2 - 0) - (-345 + 352) - -9.
5
Evaluate (11 - (7 + 14)) + 9 - -60.
59
Evaluate (-7 - (-6 - -3)) + (-27 - 1) + 401 + -412.
-43
What is 11 + (29 - 19) + -47 + (-2 - 10)?
-38
-12 + (-6 - (1 - (-8 - 67))) + 0 + 13
-81
-20 + (53 + -123 - -53)
-37
What is the value of -60 + 7 - (26 + (-36 - 14))?
-29
What is the value of -4 + (11 - (-7 - -10)) + -7 - -40?
37
What is -26071 + 26064 - ((17 - -1) + 1 + -2)?
-24
Evaluate 2 + (12 - 8 - (1 + (-3 - -2 - -18))).
-12
Calculate -28 + 35 - 37 - (-100 - 2).
72
-253 + 256 + -3 + 2 + -17
-15
What is the value of 88 - (122 + -70) - -41?
77
(-99 + 14 - -15 - -13) + 3
-54
What is 225 - 151 - (43 + -9)?
40
(-7 + 35 - 56) + -5 + 96
63
What is 2 - (-1 - -2 - -1) - (126 - (250 + -60))?
64
Evaluate -17 - (-19 - -9) - 19 - 15.
-41
Evaluate 31273 + -31237 + (-2 - (0 - (20 + -1))).
53
Evaluate 43 - ((273 - 108) + -156).
34
Evaluate (6 - -4) + -2 + -29 + -3 + 9 + -6.
-21
(21 + (-49 - -26) - -16) + -11
3
What is the value of -27 - (-19 + -18) - (42 + 0 + 12 + -8)?
-36
What is 9 + -20 + (19 - 0) + -7 + -58?
-57
Evaluate -1 - ((23 - -12) + 3 - (-2 - -1)).
-40
25 - (-1 + -50 + 84)
-8
What is the value of 79 - ((41 - 41) + -23 + 55)?
47
What is -109 + -2 + (-20 - -42)?
-89
Evaluate 48 - (-28 + 66 + -14 + -5).
29
4 + -12 - (-42 - -15)
19
-2 - -4 - ((-4 - -5) + -13)
14
What is (-9 - -31) + (-448 - -460)?
34
0 + 1 + (65 - (-12 - -67)) + -17 + 0
-6
-24 - -3 - (-75 - -31)
23
Evaluate 0 - 58 - (-14300 + 14283).
-41
Calculate -8 - (-41 - -20 - -31) - -21.
3
What is -46 - (-41 + 11 + 10)?
-26
Calculate 1 - ((34 - 84) + 65).
-14
What is the value of (82 - 55) + 2 + -4?
25
What is the value of 2 - -25 - (2 + 12 + -1086 + 1083)?
16
Evaluate (27 - 24) + (20 - -8).
31
Calculate (-1 - -7) + (56 - 35) + 66 + -16.
77
What is (-54 - -14) + 45 + 44?
49
What is the value of (-25 - (21 + -20 + -6)) + 3?
-17
What is the value of -122 + 22 + (-34 - -43) + 2 + -27?
-116
What is the value of (-1 - (-9 + 28 + -12)) + (-54 - (-8 - -3))?
-57
Evaluate 294 - 296 - (47 + -13).
-36
What is the value of -15 + (-27 - 34) + 134?
58
Calculate 10 + (12 + 38 - -13) - (-38 + 37).
74
Evaluate -51 + 10 + (-19 - -47).
-13
Evaluate 20 - 3 - (-669 - -635).
51
Calculate -6 + -18 + -56 + 84 - (0 + -36).
40
What is 2718 - 2712 - (3 + -22)?
25
Evaluate 27 - (122 - (-1 + -17 - -3)).
-110
What is the value of (53 + -65 - (4 + 1 + -2)) + 50?
35
What is the value of 20 + 0 + -13 + 6 + -20?
-7
-80 + -7 + (-19 - -40) + 12
-54
10 + (-1 - (-4 - (4 - 3))) + -13 + -20
-19
What is (-3 + 14 - (-3 - -6)) + (-4 - -55 - 12)?
47
Evaluate (11 - 5) + -17 - -4 - (-13 - -4).
2
What is -51 - (44 + (29 - 123))?
-1
What is the value of (-1 - 10) + 0 - (72 + -77 - 6 - 62)?
62
What is 66 - (-42 + 84 + 33)?
-9
What is the value of 23 + (6 - 30) + (42 - 2)?
39
(8 - 36 - -8) + 11 + -30 + 4
-35
What is -12 + -4 - 99 - -63?
-52
(29 - 21 - 48) + 9 - 12
-43
Calculate -48 - -2 - (31 - (-11 + 38)).
-50
What is (10 - (60 - (-21 - (16 - 17)))) + -2?
-72
What is 38 - (11 + (-4 - (11 - 6)))?
36
Evaluate -27 - (-1 - -2) - (28 - 91).
35
Evaluate 41 + (-70 - (-77 + 46)).
2
(30 - (-43 - -85)) + -23 - -143
108
What is 3 + (-46 - 1) + 23 + (38 - 53) - 3?
-39
What is 8 + (-880 + 870 - (19 + -1))?
-20
Evaluate (-6 - -83) + (-101 + 101 + -7 + -2 - -16).
84
Calculate -107 - (0 + -5) - (-51 + 22 - -12).
-85
What is ((15 - (6 - 4)) + -18 - 4) + 43?
34
What is the value of 63 + (13 - 61) + 29?
44
What is the value of -15 + 27 + (-7 - (-7 + 5 + 0))?
7
Evaluate (15 + -51 - -38) + 0 + -5 + 18.
15
What is (1 - 0) + (-790 - -748)?
-41
What is (-59 - -90) + -45 - (2 - 44)?
28
(9 - 6) + (10 - (18 + -17))
12
(50 - -93) + (-20 - 6)
117
What is (0 - 31 - (737 - 746)) + 57?
35
What is (-4 - -9) + -1 + 12 + (-6 - 8) + 6?
8
Evaluate 83 - (-1 - 4 - (216 + -221 